Let c(m) = 19*m**2. What is c(-2)?
76
Let g(v) = 20*v - 35. What is g(5)?
65
Let g(y) = -3*y**2 + 14*y - 6. What is g(6)?
-30
Let k(i) = -i - 11. Give k(-7).
-4
Let x(o) = -28*o**2 + o - 1. Give x(1).
-28
Let k(j) = -2*j**3 - 14*j**2 - 14*j - 13. What is k(-6)?
-1
Let m(d) = -7*d - 9. Determine m(-4).
19
Let y(f) = f**2 - 7*f - 27. What is y(11)?
17
Let o(v) = v**3 + 9*v**2 + v - 18. Calculate o(-8).
38
Let d(o) = -o**2 + 7*o + 11. Calculate d(9).
-7
Let t(v) = 2*v**2 - 1. Give t(-2).
7
Let h(i) = i**3 + 6*i**2 + 12*i + 11. Calculate h(-4).
-5
Let a(f) = -f**2 - 14*f - 29. Give a(-11).
4
Let b(l) = -l**3 + 6*l**2 + 5*l - 9. Give b(7).
-23
Let g(f) = f. Give g(-1).
-1
Let q(o) = -4*o**3 + 2*o**2 + 2*o. Give q(-1).
4
Let x(v) = -v**2 - 6*v - 2. Give x(-6).
-2
Let k(l) = -l**3 + 23*l**2 - 15*l - 161. Determine k(22).
-7
Let n(b) = -2*b**2 - 18*b - 12. What is n(-9)?
-12
Let z(c) = c**2 + 5*c + 7. What is z(-4)?
3
Let m(x) = -x**3 + 2*x**2 + 2*x - 22. Give m(0).
-22
Let l(s) = 14*s - 2. Determine l(2).
26
Let y(r) = r**2 - 5*r - 31. Give y(7).
-17
Let n(y) = 3*y**2 + 7*y - 11. Determine n(-6).
55
Let k(n) = -n**3 + 6*n**2 + 5*n - 1. Determine k(7).
-15
Let w(f) = 2*f + 17. What is w(-14)?
-11
Let g(r) = -8*r + 2. Give g(2).
-14
Let i(n) = -n**2 + 15*n - 8. What is i(13)?
18
Let k(f) = -f**3 - 17*f**2 + 38*f + 1. Give k(-19).
1
Let r(d) = -d**2 - 3*d + 8. Determine r(3).
-10
Let q(s) = s**3 + 9*s**2 + 2*s - 18. Give q(-8).
30
Let u(b) = 2*b - 14. Give u(7).
0
Let l(y) = 2*y**2 - y + 1. Give l(2).
7
Let w(m) = -4*m - 27. Calculate w(-3).
-15
Let n(p) = -2*p**3 + 48*p**2 + 48*p + 60. Determine n(25).
10
Let l(t) = t**3 - 11*t**2 + 20*t + 25. Give l(10).
125
Let c(m) = -3*m + 1. Give c(-1).
4
Let z(h) = -h**2 - 16*h + 192. Give z(-24).
0
Let y(p) = 2*p - 1. Give y(-6).
-13
Let u(x) = -x**3 + 21*x**2 + 27*x - 100. What is u(22)?
10
Let d(o) = -o**3 - 4*o**2 - 3*o - 1. Determine d(-4).
11
Let u(x) = -x**3 + 15*x**2 + 218*x - 38. Calculate u(24).
10
Let m(r) = r**3 - 11*r**2 - 16*r + 3. Determine m(12).
-45
Let a(f) = -f**3 - 32*f**2 + 13. Give a(-32).
13
Let n(s) = 7*s - 2. Determine n(4).
26
Let v(l) = -27*l + 181. What is v(7)?
-8
Let d(g) = 12*g + 440. Determine d(-36).
8
Let k(u) = u**3 - 8*u**2 + 3*u - 2. Give k(6).
-56
Let i(n) = n**2 - 3*n - 1. Determine i(3).
-1
Let m(f) = -f**3 + 17*f**2 - 25*f - 77. Calculate m(15).
-2
Let x(p) = -3*p**3 - 33*p**2 - p - 14. Calculate x(-11).
-3
Let r(h) = -h**3 - 13*h**2 - 17*h + 13. Give r(-12).
73
Let m(n) = -3*n + 25. Give m(13).
-14
Let m(j) = -j**3 - 7*j**2 - 3*j - 4. Determine m(-5).
-39
Let f(n) = 4*n + 8. What is f(-3)?
-4
Let g(u) = -2*u + 11. What is g(8)?
-5
Let i(h) = 8*h - 17. Determine i(8).
47
Let p(l) = l**2 + 2*l - 16. Calculate p(4).
8
Let v(u) = -2*u**2 + 20*u + 22. Determine v(11).
0
Let d(b) = -2*b + 7. Calculate d(6).
-5
Let a(u) = 4*u**2 + 21*u - 7. What is a(-6)?
11
Let s(b) = -b**2 - 16*b - 11. Give s(-15).
4
Let s(r) = -12*r + 4. Calculate s(-3).
40
Let i(n) = n + 62. Calculate i(20).
82
Let b(f) = -5*f + 72. Determine b(14).
2
Let o(y) = -y**3 + 3*y**2 + 2*y + 8. Determine o(4).
0
Let i(c) = -c**2 + 9*c + 3. What is i(9)?
3
Let f(p) = -207*p + 2488. Determine f(12).
4
Let n(f) = -f**2 + 6*f - 12. Give n(7).
-19
Let k(j) = 2*j**2 - 14*j - 5. Determine k(8).
11
Let n(v) = -6*v + 28. Calculate n(4).
4
Let u(j) = j**3 + 5*j**2 - 11*j - 32. What is u(-6)?
-2
Let n(z) = z**2 - 16*z + 6. Calculate n(15).
-9
Let n(z) = -21*z. Give n(-1).
21
Let p(x) = -50*x - 48. What is p(-1)?
2
Let h(l) = -91*l + 1002. Determine h(11).
1
Let f(w) = -w + 12. What is f(21)?
-9
Let k(w) = w**2 - 9*w - 6. Determine k(13).
46
Let b(q) = -q**2 - 4*q - 32. Calculate b(-7).
-53
Let p(d) = 4*d + 6. Calculate p(-4).
-10
Let n(z) = -z**2 + 13*z + 52. Calculate n(16).
4
Let u(p) = 3*p + 19. What is u(-5)?
4
Let t(h) = h**3 + 18*h**2 + 38*h + 79. Calculate t(-16).
-17
Let v(b) = b**3 - 7*b**2 - 3*b + 25. Calculate v(7).
4
Let d(u) = 3*u - 38. Determine d(10).
-8
Let l(j) = -6*j - 9. Give l(-1).
-3
Let y(i) = -i**3 + 23*i**2 + 23*i + 12. Determine y(24).
-12
Let u(l) = 13*l - 7. What is u(3)?
32
Let m(n) = n**2 + 28*n + 36. Calculate m(-27).
9
Let x(q) = -5*q + 5. What is x(-9)?
50
Let i(p) = -2*p**2 - 4*p + 1. Calculate i(-3).
-5
Let c(s) = s**3 - 4*s**2 + 6*s - 19. Calculate c(4).
5
Let h(x) = 2*x**3 - 67*x**2 + 30*x + 95. Calculate h(33).
-4
Let o(y) = 10*y**3 + y**2 + y. What is o(2)?
86
Let f(z) = -5*z**3 - z**2 + 4*z + 3. Give f(-2).
31
Let z(y) = y + 2. Calculate z(3).
5
Let n(x) = -4*x**2 + 9*x + 3. Determine n(6).
-87
Let n(a) = -a**2 + 10*a + 17. Determine n(7).
38
Let g(j) = j**2 - 109*j - 108. What is g(-1)?
2
Let f(y) = -y - 16. Determine f(-8).
-8
Let p(a) = -a**3 + 9*a**2 + a + 5. What is p(9)?
14
Let k(v) = v**2 + 10*v + 34. Give k(-5).
9
Let w(u) = -24*u + 2. Determine w(0).
2
Let m(t) = -8*t**3 - t**2 - t. Determine m(-2).
62
Let s(f) = -2*f + 5. What is s(3)?
-1
Let d(b) = -b**3 - 16*b**2 + 18*b + 16. Determine d(-17).
-1
Let l(c) = c + 25. Give l(-11).
14
Let i(d) = -d**3 - 8*d**2 - d - 7. Give i(-8).
1
Let x(c) = c**2 - 15*c - 30. Give x(16).
-14
Let c(v) = v**2 - 1. Give c(1).
0
Let q(h) = -h**2 - 14*h + 5. Give q(-14).
5
Let l(p) = p**3 - 5*p**2 - 4*p - 11. What is l(6)?
1
Let f(g) = g**2 + 11*g - 5. What is f(8)?
147
Let a(h) = -h**3 + 6*h**2 + 3*h + 7. Give a(6).
25
Let g(d) = d**2 + 16*d - 40. Determine g(-18).
-4
Let l(j) = j**2 - 23*j + 96. What is l(8)?
-24
Let m(v) = 2*v - 46. Give m(21).
-4
Let t(d) = -2*d**3 + 4*d**2 - 2*d + 1. Determine t(3).
-23
Let l(w) = -w**3 + 25*w**2 + 30*w - 108. What is l(26)?
-4
Let n(s) = 2*s**3 + 2*s**2 - s + 1. What is n(-2)?
-5
Let n(g) = 11*g + 11. Give n(-5).
-44
Let y(j) = -j**2 + 15*j + 46. Determine y(19).
-30
Let g(m) = m - 12. Determine g(-5).
-17
Let k(c) = 4*c - 3. Determine k(-4).
-19
Let t(x) = 2*x**2 + 18*x + 3. Determine t(-12).
75
Let b(s) = s**3 + 7*s**2 - 7*s + 10. Give b(-8).
2
Let o(m) = 3*m**2 + 5*m - 2. Calculate o(-4).
26
Let z(q) = -2*q**2 + 76*q + 88. Calculate z(39).
10
Let b(t) = -t**2 + 7*t + 11. Give b(-3).
-19
Let f(t) = 11*t + 199. Give f(-18).
1
Let f(n) = -19*n + 376. Calculate f(20).
-4
Let x(n) = -n**3 - 14*n**2 + 15*n - 17. Give x(-15).
-17
Let h(k) = -k**2 - 6*k + 5. Determine h(-8).
-11
Let p(x) = 23*x**2 - 2*x + 2. Give p(2).
90
Let z(h) = -29*h + 6. Give z(-1).
35
Let v(t) = -t**2 - 6*t - 2. Calculate v(-3).
7
Let q(k) = 2*k**2 + 42*k + 109. Give q(-3).
1
Let d(p) = 64*p - 260. What is d(4)?
-4
Let g(j) = 9*j**2 + j + 1. Give g(-1).
9
Let o(u) = u**3 + 3*u**2 - 3*u + 2. Calculate o(2).
16
Let f(w) = w**2 + w - 6. Determine f(-4).
6
Let d(a) = -14*a**3 + a + 1. Give d(-1).
14
Let l(h) = 2*h + 14. Determine l(-7).
0
Let d(v) = -v**3 + 3*v**2 - v - 4. Determine d(4).
-24
Let k(v) = v**3 - 5*v**2 + 3*v. Give k(2).
-6
Let c(s) = s**3 - 5*s**2 + 3*s - 2. What is c(3)?
-11
Let k(z) = -4*z - 5. Determine k(-6).
19
Let z(t) = -2*t**2 + 2*t - 3. Calculate z(2).
-7
Let x(o) = 8*o - 11. Determine x(5).
29
Let k(p) = 3*p - 20. What is k(6)?
-2
Let m(u) = 39*u**2 + u + 1. Determine m(-1).
39
Let t(g) = -2*g + 9. Determine t(4).
1
Let c(n) = -n**3 - 13*n**2 + 2*n + 22. Calculate c(-13).
-4
Let h(k) = -k**2 + 14*k + 13. Determine h(15).
-2
Let i(h) = -2*h**2 + 37*h + 6. Give i(19).
-13
Let c(a) = -3*a**2 - 7*a. Calculate c(-3).
-6
Let s(o) = -o**3 + 5*o**2 + 23*o - 62. Give s(7).
1
Let n(d) = 9*d**2 + 2*d + 2. What is n(3)?
89
Let s(l) = l**3 + 13*l**2 - 32*l - 31. What is s(-15)?
-1
Let l(v) = -v**2 + 18*v - 85. Give l(10).
-5
Let r(v) = -v**3 + 4*v**2 + 3*v + 6. What is r(5)?
-4
Let t(q) = -6*q - 39. What is t(-5)?
-9
Let t(u) = -u**3 + 8*u**2 + 4*u - 29. Determine t(8).
3
Let q(l) = l**3 + 9*l**2 - 5*l - 15. Calculate q(-9).
30
Let z(m) = -4*m - 16. Calculate z(-7).
12
Let n(c) = -4*c**2 + c - 2. Give n(1).
-5
Let v(k) = -14*k + 3. Calculate v(-1).
17
Let d(o) = -o**2 + 78*o - 729. Calculate d(11).
8
Let s(z) = z**2 + 18*z - 19. Determine s(-18).
-19
Let w(b) = b**3 + 8*b**2 + 3*b + 26. Calculate w(-8).
2
Let b(k) = -3*k**2 - 3*k - 3. Give b(-3).
-21
Let c(y) = -3*y**3 + 6*y**2 + y + 5. Calculate c(2).
7
Let h(g) = 6*g - 9. What is h(-13)?
-87
Let z(c) = 16*c - 2. Give z(-1).
-18
Let x(k) = -57*k - 66. Determine x(-1).
-9
Let q(